 (-2)/m. What is the highest common factor of y and 2?
2
Let d be (-12 + 0)*(-35)/14. Calculate the highest common factor of 270 and d.
30
Suppose -2 + 10 = -2*t - k, 5*k + 26 = -3*t. Let a be 49 - (-1)/(t/(-2)). Let o = a - 16. What is the greatest common divisor of 51 and o?
17
Suppose 3*m = 4*f + 44, -2*m + 33 = -3*f + m. Let l be (-10)/(-55) + (-9)/f. Calculate the greatest common factor of 2 and l.
1
Let r = 2 - 7. Let z(f) = -f + 6. Let y be z(r). What is the highest common divisor of 77 and y?
11
Let r be (-3 - 11)*3/(-6). What is the highest common factor of r and 7?
7
Let b = 88 + -86. What is the highest common factor of b and 6?
2
Let n = -1 + 26. What is the greatest common divisor of 5 and n?
5
Let z be 14 - (6 - (-2 - -5)). Let f = 3 + 74. What is the greatest common factor of z and f?
11
Let w = 31 + -28. Calculate the highest common factor of 3 and w.
3
Let a be (-2)/(-8) + 140/16. Calculate the highest common factor of a and 6.
3
Suppose -13*o + 12*o + 9 = 0. What is the greatest common factor of 72 and o?
9
Suppose 12 = 3*a, -5*h + 14 = 2*a - 9. What is the greatest common factor of h and 24?
3
Let r = -136 - -80. Let n = r + 105. Suppose -47 = -6*l - 5. Calculate the highest common factor of n and l.
7
Let r = -22 + 34. Calculate the greatest common factor of r and 6.
6
Suppose -4*u + 258 = 2*t, 0 = -2*t - t + 3*u + 369. What is the greatest common divisor of t and 50?
25
Let a(h) = -24*h - 2. Let n be a(-1). What is the highest common divisor of 110 and n?
22
Let c(h) = -h + 8. Let l be c(5). Let t be 1*l + (44 - -5). Suppose 4*g - t = -4. What is the highest common divisor of 18 and g?
6
Suppose 3*z - 4 = -1. Suppose 9 + z = 2*i. Calculate the highest common divisor of i and 1.
1
Let t(q) be the first derivative of -q**2/2 + 20*q + 1. Let m be t(0). What is the highest common factor of m and 140?
20
Suppose 389 = 5*l - v, 73 = l - 2*v + 3*v. Let o(t) = -t**3 + 6*t**2 - 4*t + 6. Let a be o(5). Calculate the highest common divisor of a and l.
11
Suppose i = -4*i + 95. Let b(u) = -5*u + 4. Let g be b(-3). Calculate the highest common divisor of i and g.
19
Let a be (-2)/6 - 2261/(-51). What is the highest common factor of 33 and a?
11
Let s be -4 + (-4)/(-4) + (2 - -232). Let d = 8 + 13. What is the highest common divisor of s and d?
21
Suppose 2*w - 175 = -3*w. What is the greatest common factor of w and 5?
5
Let u = -49 + 71. Calculate the greatest common factor of u and 176.
22
Suppose 6*l - 3*l = 330. Suppose 0*h + 4*h - 8 = 0. Suppose 5*z + 40 = 2*k, k + h*k = -z + 26. What is the greatest common factor of k and l?
10
Let w(j) = 168*j. Let f be w(1). What is the highest common factor of f and 21?
21
Suppose -8*f = -6*f - 28. Calculate the highest common divisor of f and 98.
14
Suppose -l + 2*a + 10 = 4, -4*a - 6 = l. Let c be (3 - 4) + 56/l. Suppose 2*j = 46 - 10. Calculate the greatest common factor of j and c.
9
Let f be ((-2)/6)/(9/(-945)). Suppose 0*r - 5*r = -f. Calculate the highest common factor of 21 and r.
7
Suppose 6*a - 47 = -5. Calculate the highest common divisor of 21 and a.
7
Suppose -9*w = -3*w - 138. What is the greatest common divisor of w and 207?
23
Let f = 6 - 5. Let v(d) = 12*d**2 + 2*d - 1. Let b be v(f). Let q = b - 7. Calculate the greatest common factor of q and 66.
6
Let c = -79 + 118. Let f(a) = 29*a**2 + a. Let j be f(-1). Let b = c - j. Calculate the greatest common divisor of 77 and b.
11
Suppose x - 32 = -x. Suppose 5*r - 2*u - x = 0, -13 = 5*u + 2. Let a = 25 - 7. Calculate the greatest common divisor of r and a.
2
Let f(g) = 13*g + 36. Let d be f(-1). Let y(q) = 47*q**2 - 2*q. Let j = -6 + 8. Let z be y(j). Calculate the greatest common divisor of z and d.
23
Let u = -126 + 162. What is the greatest common divisor of 48 and u?
12
Let l = 342 - 243. What is the highest common divisor of l and 9?
9
Suppose 2*z - 6 - 14 = 0. Let w = 2 + -7. Let g(s) = s + 6. Let o be g(w). Calculate the highest common divisor of z and o.
1
Let u = 0 + 2. Suppose -u*q + 4*j + 14 = 0, -q - 4 = 3*j - 1. Suppose q*t = 129 + 105. What is the highest common factor of t and 13?
13
Suppose -3*q = -2*j + 108, -3*j = -8*j - 4*q + 316. Let h be 10*(2 - (-1 + 3 + -2)). Calculate the greatest common divisor of j and h.
20
Let x = 212 - 25. Suppose 66 = 4*v - 2*g, 12*g = 9*g + 3. Calculate the highest common divisor of v and x.
17
Let k be 12/(-21) - (-1240)/14. Calculate the greatest common divisor of k and 8.
8
Let c(x) = x**3 - 22*x**2 + 23*x + 2. Let t be c(21). Calculate the highest common factor of 308 and t.
44
Let f(b) = 2*b**3 + 15*b**2 + 4*b - 15. Let x be f(-7). What is the highest common divisor of 54 and x?
6
Let v be ((59 - 3)*-2)/(-1). Let y = 26 - 10. What is the greatest common factor of y and v?
16
Suppose 3*v - 197 = 67. Let b(c) = 2*c**2 - c + 1. Let r be b(-3). Calculate the greatest common factor of v and r.
22
Let g = 98 + -70. Let n be 0 - 5/(5/(-14)). Let w = n + -10. What is the greatest common divisor of w and g?
4
Let t(k) = -7*k - 6. Let l be t(-5). Suppose 0 = -j + l - 4. Calculate the highest common factor of j and 125.
25
Let z be -2 + -2 + 5 + -1. Suppose 0*f + 2*f - 56 = z. Let r be 1*-3*f/(-12). What is the greatest common factor of 49 and r?
7
Suppose 42 = 3*c - c. Let k(a) be the first derivative of a**3/3 + 3*a**2 - 4*a - 4. Let v be k(-7). What is the highest common divisor of c and v?
3
Suppose 6*b - 72 = 90. What is the highest common divisor of b and 108?
27
Suppose 0 = -q + 17 - 6. Let u be 22/(-99) + 130/18. Let r = q - u. Calculate the greatest common divisor of r and 32.
4
Suppose 0 = -9*j + 7*j + 18. What is the highest common factor of 81 and j?
9
Let l be 110/((-5)/(25/(-5))). Suppose -5*n + 4 = 3*y, -n - 2*n = y. Let w = 7 + y. What is the highest common factor of l and w?
10
Let m(z) be the third derivative of z**6/120 + z**5/60 + z**3/2 - 3*z**2. Let d be m(0). What is the highest common divisor of 27 and d?
3
Let r(a) = 10*a**2 + 6*a - 5. Let h be r(10). Let o be h/4 + 4/16. What is the greatest common factor of 33 and o?
33
Let w(h) = h**2 - 17*h - 4. Let n be w(19). Calculate the greatest common divisor of 374 and n.
34
Suppose 8*k - k = 483. What is the highest common divisor of 23 and k?
23
Let v be ((-72)/15)/(9/(-60)). Let p = -9 - -17. Calculate the greatest common factor of p and v.
8
Suppose 3*s = 5*a - 4, 4*s + a + 16 - 3 = 0. Let v = s - -115. Calculate the highest common factor of v and 14.
14
Let c be (346 - -1) + (11 - 8). Suppose -t - 4*t = -c. What is the greatest common factor of t and 14?
14
Let w = -171 - -187. Suppose -3*t + 70 + 50 = 0. What is the highest common divisor of w and t?
8
Let v(j) = -j**3 + 4*j**2 - j + 1. Let t be v(3). Suppose 4*a + h = a + 149, -3*h = -6. What is the highest common divisor of a and t?
7
Suppose 239 = -0*v + 3*v + 4*d, 2*d - 162 = -2*v. Calculate the highest common factor of v and 17.
17
Let w be (-35 + 2)*40/(-15). Calculate the greatest common factor of w and 33.
11
Suppose 1 = 4*y + 9, 5*y + 10 = 5*v. Suppose v = 4*j - 134 + 22. Calculate the greatest common factor of 7 and j.
7
Suppose 12 + 0 = -r - 4*a, -r + a - 2 = 0. Let g be (1*r)/(8/(-44)). Calculate the greatest common divisor of 2 and g.
2
Suppose -r + 96 = c - 140, -492 = -2*r + 3*c. Suppose y = 5*y - r. Calculate the greatest common divisor of 40 and y.
20
Let c(f) = -22*f - 2. Let p be c(-1). What is the greatest common divisor of 20 and p?
20
Suppose -3*d - 6*f + f = -68, -4*d + f = -83. Let x be 6/d*(7 + 0). Calculate the highest common factor of x and 3.
1
Let c(d) = 6*d. Let o be c(4). Suppose 0 = x + 3*m - 30, -2*x = -x + m - o. Calculate the highest common factor of x and 21.
21
Let z(k) = 24*k - 4. Let v be z(2). Let w = 14 + -10. Calculate the greatest common factor of v and w.
4
Let a = 6 + -8. Let d(t) = -3*t**3 - t**2 + 2*t - 1. Let s be d(a). What is the greatest common factor of 135 and s?
15
Suppose -3*z - 14 = -4*g + 24, -3*z + 61 = 5*g. Calculate the greatest common divisor of g and 55.
11
Let j(c) = -c**3 + c + 1. Let x(k) = -4*k**3 + 2*k**2 - k + 3. Let z(h) = 5*j(h) - x(h). Let v be z(-4). What is the greatest common factor of v and 10?
10
Let o(s) = -2*s**3 + 2*s**2 + 2*s. Let p be o(3). Let n = p - -43. What is the greatest com